. Let v(h) = 7161*h**3 - 3*h**2 + 10*h**2 - 4 + h - 7160*h**u. Determine v(-7).
-11
Let a(n) = -2*n**2 - 3*n + 5. Suppose -5*w = -20, -3*w = -5*g - 40 + 8. Let h(k) = -2*k**3 - 11*k**2 - 10*k + 4. Let z be h(g). Give a(z).
-15
Let p(y) = y + 1. Let m(r) = -7 - 2*r**2 - r**2 + 3*r**2 + r**2. Let t be m(3). What is p(t)?
3
Let s(x) be the first derivative of x**4/4 + 2*x**3 + x**2 - 6*x + 1. Suppose -3*n = 2 - 8. Suppose -10 = n*u - 0. Determine s(u).
9
Let z(y) = 11*y**2 - y + 6. Let f(o) = 30 + 0*o + 23*o**2 - 2*o - 19. Let b(c) = 6*f(c) - 11*z(c). Give b(-1).
18
Let g(u) = -4*u**2 + 2. Let m(n) = 2*n**2 + 4*n + 4. Suppose p + 4*d + 8 = -3*p, 0 = -4*p - d - 5. Let q be m(p). Determine g(q).
-14
Let z(s) = -7 - 3*s**2 - 27*s**3 + 26*s**3 + 2*s + 11 + 2*s. Let l = 0 - 3. What is z(l)?
-8
Let c(n) = n**3 - 8*n**2 + 6*n + 1. Let m(s) be the third derivative of 0*s - 11/6*s**3 + 0 - 1/8*s**4 + 1/60*s**5 - 10*s**2. Let p be m(6). Determine c(p).
-6
Let l be (-8 + 5)/(0 - 6). Let o(s) be the second derivative of l*s**2 - 1/3*s**3 + 0 + 1/12*s**4 + s. What is o(4)?
9
Suppose 27 = -4*g - 3*k, 0 = -3*k + 7 - 22. Let i(j) = -j**3 + j**2 - 4*j - 3. Let x(d) = d**3 - 2*d**2 + 5*d + 4. Let n(f) = g*x(f) - 4*i(f). Calculate n(-2).
-2
Let w(g) = -g**2 + 6*g - 5. Let t = 464 + -460. Determine w(t).
3
Suppose 1033 = -12*w + 1057. Let r(x) = -x**3 - 2*x**2 + 2*x - 6. Determine r(w).
-18
Let t(n) = -2*n**2 + 3*n. Suppose 6*s = 9*s + 4*r - 15, -3*r + 15 = 3*s. Determine t(s).
-35
Suppose 0 = 3*u - 3, -4 = -4*h + 2*u - 2. Let p(g) = 6*g**3 + 2*g**2 - 1. Give p(h).
7
Suppose -4*w = -q - 18, 5*q = -0*q - 3*w + 2. Suppose 2 = r + 2*j, 38 = -2*r - 3*r + 2*j. Let f be 3/q - (-3)/r. Let u(l) = 5*l. Give u(f).
-10
Let s be (1 + 14/(-10))*5. Let l(q) = 13*q**2 + 2*q - 4. Let t(f) = -44*f**2 - 6*f + 13. Let g(v) = -7*l(v) - 2*t(v). Give g(s).
-6
Let d(v) = v**2 + 4*v - 24. Let r be d(4). Let x(k) = -k**3 + 9*k**2 - 5*k - 18. Calculate x(r).
6
Let z(u) = 5*u - 12. Let t be z(1). Let a(n) = 9*n + 59. Determine a(t).
-4
Let n(o) = -3*o**2 + 5 - o - 3 + 7*o + 3. Let x(y) = -16*y**2 + 30*y + 26. Let z(d) = 11*n(d) - 2*x(d). Let w(a) = 6*a**2 - 1. Let h be w(-1). Determine z(h).
8
Suppose -3*b = 5*c - 39, -5*c + b = -9*c + 27. Suppose 5*d = 3*d + 30. Suppose -d - 3 = -c*q. Let j(h) = h + 2. Give j(q).
5
Let s be 1/(1 - 4/6). Let f be (-17)/(-2) + (-3)/2 - 2. Let r(x) = -6*x**s + x - 2*x**2 + 3 + 5*x**3 + 1 - f. Give r(-3).
5
Let g(i) = i**3 - 11*i**2 + 9*i + 12. Suppose 0 = -92*b + 83*b + 90. Calculate g(b).
2
Let w(z) = -z**2 - 5*z + 5. Let a = -284 - -280. Give w(a).
9
Let g(s) = -3*s**3 + s**2 - s - 1. Let o be g(-1). Let a(t) be the first derivative of -6 + 5/4*t**o - 1/2*t**2 + 1/3*t**3 + t. Determine a(1).
6
Let y(b) be the third derivative of b**5/15 - b**4/12 + 322*b**2 + 2*b. What is y(-1)?
6
Let f(c) = -7*c**2 - 2*c + 1. Let h be f(1). Let r be 50/h + 2/8. Let j(i) = 60 - 7*i - 57 - i**2 + i. What is j(r)?
3
Let y(c) = 7*c**3 - 18*c**2 - 24*c + 23. Let o(u) = 3*u**3 - 9*u**2 - 12*u + 11. Let b(n) = -5*o(n) + 2*y(n). Determine b(10).
11
Let s(l) be the first derivative of -l**3/6 - 7*l**2/2 + 9*l + 12. Let j(a) be the first derivative of s(a). Let q be (2 - 1)/(-1) + -4. Determine j(q).
-2
Let r(k) = 2*k - 6*k**2 + 0 + 2*k**2 + 4 - 5. Suppose 0*f - 6 = -2*f. Let i be (-4)/(-3) - (-2)/f. Give r(i).
-13
Let i(k) be the first derivative of k**4/4 + 4*k**3/3 + 3*k**2/2 - 2*k + 8. What is i(-4)?
-14
Let p(x) = -x**2 - 4*x + 6. Let l be ((-1 + 13 + 3)/1)/1. Let b = l + -21. Give p(b).
-6
Let n(j) be the second derivative of -j**3/6 + 2*j**2 - 152*j. What is n(5)?
-1
Let r(a) = 23*a - 5. Let b(f) = 6*f - 1. Let k(t) = 9*b(t) - 2*r(t). Let o(p) = p**2 + 5*p + 1. Let i be o(-3). Let j be (-2)/i + (-7)/5. Give k(j).
-7
Let j(q) = -q**2 + 34*q - 168. Let d be j(28). Let g(h) be the second derivative of 4*h - 5/12*h**4 + 1/20*h**5 + d + h**2 - 7/6*h**3. What is g(6)?
-4
Let s(t) = -t + 14 - 42*t**3 + 43*t**3 + 8 - 9 - 10*t**2. Calculate s(10).
3
Let g = 29 + -76. Let t = -53 - g. Let z(c) = -c**3 - 5*c**2 + 4*c - 3. Calculate z(t).
9
Let w(n) be the first derivative of -3*n**2/2 + 6*n + 6. Let z be (3/(-12)*2)/((-7)/70). What is w(z)?
-9
Let n(u) = 2. Let o(j) = -j + 13. Let l(w) = -4*n(w) + o(w). What is l(-6)?
11
Suppose -8*g = -3*g - 15. Let t(j) = 2*j - 2 - g*j - 4 + 7. What is t(-4)?
5
Suppose k + 0*k + 33 = 5*t, 5*t + 4*k - 18 = 0. Let b be ((-2)/4)/(t/12). Let i(q) = -18*q**3 - q - 1. Determine i(b).
18
Suppose 0 = 2*l + 3 - 7. Suppose 0*p + l*p = -10. Let r(o) = -o**2 - 2*o + 7. What is r(p)?
-8
Let j(l) be the third derivative of -l**4/24 + l**3/3 + 4*l**2. Let b(u) = 3*u + 13. Let f be b(-6). Let k = 11 + f. Give j(k).
-4
Let b(d) be the second derivative of -d**7/2520 + 11*d**6/720 - 11*d**5/120 - 11*d**4/12 + 2*d. Let w(f) be the third derivative of b(f). Determine w(9).
7
Let m be ((-24)/10)/(-2 + 51/30). Let t(o) = -o - 2. Calculate t(m).
-10
Let g(b) = -3*b - 18. Let c be (40/(-32))/(2/8). What is g(c)?
-3
Let h(x) = x**2 + 3*x - 46. Suppose 0 = 53*y - 106 - 159. Calculate h(y).
-6
Let l(n) = n**2 + n + 1. Suppose 7 = 3*q - 2*y, -5*q = 3*y - 8 - 10. Let v be (-3 + q + 0)/(-1). Determine l(v).
1
Let l(i) = 2*i**2 + 2*i - 17. Let w(g) = -4*g**2 - 4*g + 43. Let b(z) = -10*l(z) - 4*w(z). Let c be 4/2 + (-8)/2. Determine b(c).
-10
Let w(a) be the third derivative of a**4/24 + a**3/3 - 3*a**2. Let c(m) = -2*m - 5. Let r(h) = -3*c(h) - 7*w(h). Let g = 274 + -275. Determine r(g).
2
Let p(w) = -10*w**3 + 19*w**2 + 6*w. Let m(s) = -3*s**3 + 6*s**2 + 2*s. Let z(b) = 7*m(b) - 2*p(b). Give z(5).
-15
Let h(a) = 6*a**2. Let b be h(1). Let x be ((-26)/b)/(2/(-6)). Suppose v - i = 2*i - 5, 4*v - 5*i + x = 0. Let n(g) = 2*g - 2. Determine n(v).
-6
Suppose 16 = 7*j - 11*j. Let f(g) = -22*g**3 - g**2 + 12*g**3 + 11*g**3 - 2*g + 4*g**2 - 3*g. What is f(j)?
4
Let h(g) = -4*g**2 + 5*g - 41. Let x(n) = -3*n**2 + 5*n - 34. Let m(p) = -4*h(p) + 5*x(p). Give m(-5).
-6
Let f(v) = 4*v - 28*v + 9*v + 9*v. Let q(w) = -11 + w + 11. Let t be q(1). Give f(t).
-6
Let j(c) be the first derivative of 3*c**4/2 + 2*c**3/3 - c**2/2 + 1. Let r = -50 + 50. Suppose r*a + 1 = a. What is j(a)?
7
Let i(x) = -15*x**3 - x**2 + 2*x - 1. Let l be i(1). Let q be (-4)/(4/(-3)) + l/5. Let u(y) = -y**2 + y. What is u(q)?
0
Let y(b) = 6*b - 4. Let h(z) = -18*z + 15. Let j(q) = -3*h(q) - 8*y(q). What is j(2)?
-1
Let t(b) be the first derivative of -b**3/3 - 9*b**2/2 - 9*b + 81. Determine t(-9).
-9
Let a(d) = 5 + 1 - d + 5*d. Let l(k) = k + 1. Let n(c) = -c - 3. Let w(b) = -2*l(b) + n(b). Let f(o) = -4*a(o) - 5*w(o). Calculate f(6).
-5
Suppose -3*f + 2*f + 68 = -3*o, 0 = -o - 4*f - 1. Let h = 25 + o. Let a(n) = -3*n + 2. Give a(h).
-10
Let j(f) = -2*f - 27. Let a(i) = 4*i + 56. Let z(c) = 6*a(c) + 13*j(c). What is z(-8)?
1
Let y(s) = 3*s**2 + 37 - 3*s**2 - 43 - s**2 - 8*s. Determine y(-5).
9
Let j = -481 - -482. Let u(c) = 28*c**2 + 3*c - 2. Determine u(j).
29
Let z(f) = -f - 2*f + 3*f**3 + 4*f**3 + 1 - 6*f**3 - 2*f**3 + 2*f**2. Give z(3).
-17
Let r(j) = j - 10. Let p = -9 + 12. Suppose 2*t + k = p*k + 30, -20 = -4*t - 4*k. What is r(t)?
0
Let i(k) = k + 5*k - 4*k + 15 + 2*k**2 - 14. What is i(2)?
13
Suppose 0 = -9*o + 8*o - 3*q - 4, 5*o + 7 = -2*q. Let t(l) = 48*l**2 + l. Calculate t(o).
47
Let m be -14 + 7 - (2 - 7). Let w(t) = -2*t**3 + 4*t - 11. Let h(n) = -n**3 + 2*n - 5. Suppose 0 = -f + 2 + 2. Let r(l) = f*w(l) - 9*h(l). What is r(m)?
-3
Let l = 8 + -54. Let z be (2 - l/(-10)) + (-14)/35. Let b(c) = c**3 + 2*c**2 - 2*c + 4. What is b(z)?
1
Let n(a) be the second derivative of -a**6/180 - a**4/12 - 5*a**3/6 + 15*a. Let t(l) be the second derivative of n(l). What is t(2)?
-10
Let q(a) = -2*a + 2. Let z(f) = 3*f + 16. Let p be z(-4). Suppose p*d - 28 = 4*l, 2*l = -3*d + 4*l + 26. Suppose -g = 3*g - d. Calculate q(g).
-4
Let t(j) be the third derivative of -j**6/120 - j**5/12 - j**4/8 + j**3/2 + j**2. Suppose 12*x = -36 + 144. Let h = x + -13. What is t(h)?
-1
Let k(d) = 15 - 3*d**2 + 8*d - d**3 - 5*d**2 + d**2 - 11. Give k(-8).
4
Let v(m) = -m**3 - 3*m**2 + 3*m + 2. Let y(w) = w**2 + 7*w + 2. Suppose -u = x - 0*u + 5, -5*x = -4*u + 34. Let s be y(x). Calculate v(s).
6
Let c = 53 - 53. Let x(n) be the second derivat